*f**2 + 6 + 5*f - 4*f**3 + 0*f**2. What is the tens digit of y(-9)?
4
Let b = 50 - 73. Let y = 3 - b. What is the tens digit of y?
2
Suppose 2*y - 29 = 5. What is the tens digit of y?
1
What is the units digit of 84*2/12*(-18)/(-2)?
6
Suppose 0 = -h - 3*h + 16. Suppose h*f - 3*t - 12 = 0, 5*t = 3*f - f + 8. What is the units digit of f?
6
Let d(r) = -r**3 - 5*r**2 + 4*r - 1. Let y(s) = s**3 - 5*s**2 - 6. Let k be y(5). What is the tens digit of d(k)?
1
Let f(u) = 33*u - 60. What is the hundreds digit of f(15)?
4
Let i = -3 + 2. What is the units digit of 2 + i + 12 + -8?
5
Let r(f) = -f**3 - 4*f**2 + 7*f + 1. Let i be r(-5). Let w = i + 13. What is the units digit of w?
4
Let l be 10 - (0 - (-4)/2). Let n(o) be the second derivative of -o**5/20 + 7*o**4/12 + 4*o**3/3 + 7*o**2/2 + o. What is the units digit of n(l)?
7
Let w(m) = -6*m + 2. Let x be w(-3). Let k = x - 12. Let h(l) = -l**3 + 8*l**2 + l + 3. What is the tens digit of h(k)?
1
Let u(q) = -q**3 + 7*q**2 - 8. Let h be u(7). Let b(y) = 4*y**2 - y + 1. Let d be b(2). Let m = h + d. What is the units digit of m?
7
Suppose 2*r = -3*r + 25. Let c = r - 3. Suppose 3*q + c*q = 5. What is the units digit of q?
1
Let b(l) = -l**3 - l**2. Let i be b(1). What is the units digit of (17/i)/(2/(-4))?
7
Suppose 0 = -4*m + 2*m + 34. What is the units digit of m?
7
Let h be 4 - (-2 - -3)*2. Let g(v) = 0 + 5*v + 2*v - 5 + v**h. What is the units digit of g(-8)?
3
Let t(o) = -3*o**3 + 5*o**2 + 19*o - 5. Let l(j) = -j**3 + 2*j**2 + 6*j - 2. Let r(c) = -7*l(c) + 2*t(c). What is the units digit of r(5)?
9
Let x(m) = -6*m**3 + 6*m**2 + 8*m + 22. Let z(r) = -5*r**3 + 5*r**2 + 7*r + 21. Let w(c) = -6*x(c) + 7*z(c). Let y be w(0). What is the units digit of y/2*4/5?
6
Let d(s) = -s**3 + 7*s**2 - 7. Let n be d(7). Let l = -8 - n. What is the units digit of (l - 0/3)*-3?
3
Let k be 12/(-42) - (-128)/7. What is the tens digit of -3 + k + 0/1?
1
Let w(n) = 6*n - n**3 - 6*n + 6 + 6*n**2. Let f be w(6). What is the units digit of 14/4 - f/(-12)?
4
Suppose 3*k + 4*h = -2*k + 29, -4*h = 16. Suppose j + 0*j - k = 0. Let s = -3 + j. What is the units digit of s?
6
Let y(g) = g**2 - 12*g - 9. Let z be y(10). Let l = -3 - 15. Let p = l - z. What is the tens digit of p?
1
Suppose -4*p + 147 = -93. What is the units digit of (-2)/(-3) + p/45?
2
Let y(x) = 3*x**2 - 7*x + 7. What is the units digit of y(5)?
7
Suppose 2*o - 3*o = q + 21, 4*o + 12 = 0. Let u be (-1 + -2)/(q/60). Suppose m + 4 = u. What is the units digit of m?
6
Let j = 42 - 15. Let w = j - 13. What is the units digit of w?
4
Let a be (-4)/(-10) - 54/(-15). Let t = 5 + 1. Suppose -u - t = -a*u. What is the units digit of u?
2
What is the tens digit of -13 + 12 + (35 - -1)?
3
Suppose -119 = i - 2*i + 4*z, 0 = 3*i + z - 331. What is the hundreds digit of i?
1
Let q(b) be the second derivative of b**3/6 + 3*b**2 + 2*b. What is the units digit of q(0)?
6
Suppose -9*r = 8*r - 3638. What is the units digit of r?
4
What is the hundreds digit of (1/1)/(4/1048) + 0?
2
Let f(i) = i - 1. Suppose 3*y - 9 - 3 = 0. Let a be 13/y + (-2)/8. What is the units digit of f(a)?
2
Let z(j) = -j**2 - 7*j + 4. Let i be z(-4). Suppose y = -3*y - i. Let b = y + 6. What is the units digit of b?
2
Suppose 3*g = 11 + 13. Suppose -5*z = 4*x + 11 + g, -4*z = 5*x + 17. What is the units digit of (z/(-2))/(12/16)?
2
Suppose 16 = -j - 5*b + 59, -j + 63 = b. What is the tens digit of j?
6
Let i(w) = -3*w - 13. Suppose f + 17 = -3*c, -f - 2*f = 4*c + 41. What is the tens digit of i(f)?
2
Let n = 20 - -64. What is the units digit of n?
4
Let f(x) = -15*x - 38. What is the units digit of f(-12)?
2
Suppose -3*m - 1 + 2 = -t, 5 = -m - 5*t. What is the units digit of (-38*1)/(m + -2)?
9
Let k(z) = -3*z**2 + 2*z**2 + 0 + 4 - z**3 - 3*z**2. Let q be k(-4). Suppose -q*x + 41 = -35. What is the tens digit of x?
1
Suppose i + 3*g - 13 = -3*i, g - 30 = -5*i. What is the units digit of i/2 - 1/(-2)?
4
Suppose -11 - 5 = -4*q. Let f(w) = 3*w - 6. Let j be f(q). Let z = j - 3. What is the units digit of z?
3
Suppose 2*n = -d + 4, 2*n + 4*d = 7*n - 10. Suppose -n*q - 3*q + 17 = -3*m, 5 = 5*q. What is the units digit of 28/(-6)*6/m?
7
Suppose -3*z + 0*z = -276. Suppose -2*i - 2*i + z = 0. Let k = i - 16. What is the units digit of k?
7
Let d(q) be the second derivative of q**5/20 - q**4/4 - q**3/6 - 3*q. What is the tens digit of d(4)?
1
What is the units digit of ((-31)/3)/(5/(-45))?
3
Let r = -28 + 46. Suppose 3*j + 0*j = r. What is the units digit of j?
6
Let w = 12 + -9. Suppose -w*b - b + 100 = 0. What is the units digit of b?
5
What is the hundreds digit of (-1)/((0 - -5)/(-565))?
1
Let f be (6 + -2)/(2/4). Let h = -6 + f. Suppose 2*s = -h*s + 8. What is the units digit of s?
2
Suppose -21 = -3*f + 2*f - 3*s, 2*s + 74 = 2*f. What is the units digit of f?
3
Suppose -i + 28 = -3*o - 3, -2*o - 72 = -3*i. What is the units digit of (-22)/121 + 642/i?
9
Let i be (-6)/(-2 + 1) + -1. Suppose -2*o + 0*q - 3*q + 19 = 0, -q = -i*o + 90. What is the tens digit of o?
1
Suppose 5*b = b + 100. Suppose -11*z = -6*z + b. What is the units digit of 5/(z/3) + 11?
8
What is the units digit of 24/108 - 158/(-18)?
9
Let i = 37 - 19. What is the tens digit of i?
1
Suppose 5*l + 60 = 4*y + y, -3*l = -4*y + 45. Let c = 11 - y. What is the tens digit of ((-1)/c + 1)*32?
1
Suppose 81 = 3*x - 4*a, -a + 6 = a. Let l = 44 - x. What is the tens digit of l?
1
Let i = 14 - 10. What is the units digit of i?
4
Let m(k) = -14*k + 1. What is the tens digit of m(-1)?
1
Suppose -4 = -q - 0*q. Suppose -4*n + 5*t = n - 100, 0 = -q*n - 2*t + 62. What is the units digit of n?
7
Let g = 152 + -108. What is the tens digit of g?
4
Let j(t) = -t**2 - 11*t - 6. Let r be j(-8). Suppose -x + 2*x = r. What is the tens digit of x?
1
Let l = 5 + -3. Suppose l = f + 3. What is the units digit of (f - -3)*5/2?
5
Let a(g) = 11 + 0 - 2*g + g. Suppose 33 = 5*p + 8. What is the units digit of a(p)?
6
Let b(n) = -4*n - 3. Suppose 9*f + 15 = 6*f. What is the tens digit of b(f)?
1
Let y = -2 - -11. What is the units digit of y?
9
Let a = 93 + -58. What is the tens digit of a?
3
Let q be 5/(-3)*(7 + -1). What is the units digit of (q/3)/((-4)/6)?
5
Let j = -19 + 65. What is the units digit of j?
6
Let m be (-1)/2 + 3/(-2). What is the units digit of m - 0 - -7*1?
5
Let f be (-2)/(-6)*102/(-2). Let m = f - -36. What is the tens digit of m?
1
Let b be 1/2*(13 + 5). Let w = b - -34. Suppose 2*m - w = -9. What is the units digit of m?
7
Let a be -1 + ((-4)/(-2))/2. Suppose -4*u + 294 = u + 2*d, 3*u - 4*d - 192 = a. Suppose w - 5*s - u = -4*w, -5*s = -3*w + 42. What is the units digit of w?
9
What is the units digit of ((-33)/(-44))/(2/392)?
7
Suppose -3*z - 2*z + 55 = 0. What is the tens digit of z?
1
Suppose 4*g - 4*s = -s + 1, g = -2*s - 8. Let p = -2 - g. Suppose -3*n - 5*q + 28 = n, p = -5*n - 4*q + 26. What is the units digit of n?
2
Let s = -34 - -36. What is the units digit of s?
2
Let j = -303 + 513. What is the hundreds digit of j?
2
Let o = -7 + 16. What is the units digit of o*9/(-2 + 5)?
7
Suppose -3*x = -3*t - 21, -t = 3*t + 4*x + 28. Let k = -13 - t. Let b = 0 - k. What is the units digit of b?
6
What is the tens digit of (16/4 - -61) + 3?
6
Suppose 8*i - 12*i + 1696 = 0. What is the hundreds digit of i?
4
Suppose -f - 5 = -3*f - 5*n, 0 = -2*f + n - 13. Let l(b) = -b**3 - 4*b**2 - 7. What is the tens digit of l(f)?
1
Let m(c) = 2*c - 8. Let u be m(4). Suppose 0 = -u*b - 4*b + 132. What is the tens digit of b?
3
Suppose w = -0*w + 11. What is the units digit of w?
1
Suppose 11*d - 12 = 7*d. Suppose 4*x + 3*i = -1, -d*i + 2*i = -2*x + 7. What is the units digit of x?
2
Let h(b) = b**3 - 2*b**2 - 4*b + 3. Let f be h(3). Suppose r - 8 - 4 = f. Suppose -r = -0*w - w. What is the units digit of w?
2
Let y(g) = -g**2 + 8*g - 5. Let m be y(7). Suppose -m*t - 26 - 6 = 0. Let i = -11 - t. What is the units digit of i?
5
Let w(x) = 2*x + 16. Let r be w(-7). Suppose -4*p = -3*f - 185, -r*p + 5*f + 66 = -37. What is the units digit of p?
4
Let l = 2 + 0. Suppose 2*h - 52 = -4*b, 0 = l*h - 6*h + 5*b + 78. Let i = -15 + h. What is the units digit of i?
7
Let s(x) = 96*x**3 - x**2 + 3*x - 2. What is the tens digit of s(1)?
9
Let b(y) = -3*y**3 + 5*y**2 + y - 4. What is 